?
False
Is 95369 a prime number?
True
Is 10313 prime?
True
Is 644089 a composite number?
False
Is 330787 composite?
False
Is 55135 prime?
False
Is 625367 composite?
False
Is 80257 prime?
False
Is 159 a composite number?
True
Is 34409 prime?
False
Is 34211 prime?
True
Is 22205 composite?
True
Is 32689 composite?
True
Is 219629 a prime number?
True
Is 1325391 composite?
True
Is 261831 a composite number?
True
Is 385159 a composite number?
False
Is 53367 a prime number?
False
Is 25667 a composite number?
False
Is 5311 a prime number?
False
Is 85469 a prime number?
True
Is 757 composite?
False
Is 719 prime?
True
Is 18737 prime?
False
Is 117877 a prime number?
True
Is 898 a prime number?
False
Is 1561 a composite number?
True
Is 86297 a prime number?
True
Is 14591 a composite number?
False
Is 7763 prime?
False
Is 13343 prime?
False
Is 1817947 a composite number?
False
Is 1945 prime?
False
Is 7201 a prime number?
False
Is 7829 a prime number?
True
Is 608207 prime?
True
Is 330797 prime?
False
Is 1989977 prime?
False
Is 13001 a prime number?
True
Is 53441 prime?
True
Is 58413 composite?
True
Is 66457 composite?
False
Is 12853 prime?
True
Is 9803 prime?
True
Is 178469 prime?
True
Is 15459 composite?
True
Is 577691 a prime number?
False
Is 281467 prime?
False
Is 1151 prime?
True
Is 70049 a prime number?
False
Is 885331 a composite number?
False
Is 4637 prime?
True
Is 332699 prime?
True
Is 1077217 prime?
False
Is 7726 prime?
False
Is 21055 a prime number?
False
Is 30773 composite?
False
Is 35027 a prime number?
True
Is 157721 composite?
False
Is 14179 a prime number?
False
Is 96267 a composite number?
True
Is 5981 a prime number?
True
Is 26461 a composite number?
True
Is 5703 prime?
False
Is 25045 a prime number?
False
Is 6215015 a prime number?
False
Is 11269 composite?
True
Is 16865 a composite number?
True
Is 12097 a prime number?
True
Is 25765 a prime number?
False
Is 22917 prime?
False
Is 4253 composite?
False
Is 89753 prime?
True
Is 123701 a prime number?
True
Is 57637 a composite number?
False
Is 16873 prime?
False
Is 3187 composite?
False
Is 32561 a composite number?
False
Is 6823 a prime number?
True
Is 101617 a prime number?
False
Is 192599 prime?
False
Is 239917 a composite number?
True
Is 10477 a prime number?
True
Is 111729 a prime number?
False
Is 327395 composite?
True
Is 444335 a prime number?
False
Is 486637 a composite number?
False
Is 95327 prime?
True
Is 138041 a prime number?
True
Is 56305 a composite number?
True
Is 266765 a composite number?
True
Is 513049 composite?
True
Is 101681 composite?
False
Is 43222 a composite number?
True
Is 31351 a composite number?
True
Is 32771 a composite number?
False
Is 5919 a prime number?
False
Is 163253 a composite number?
True
Is 282221 a composite number?
False
Is 1399 composite?
False
Is 9553 prime?
False
Is 455519 prime?
False
Is 53267 a prime number?
True
Is 263533 a composite number?
False
Is 353237 a composite number?
False
Is 1123501 a composite number?
False
Is 111307 a prime number?
False
Is 34739 composite?
False
Is 40111 a composite number?
False
Is 4414 composite?
True
Is 4562 a prime number?
False
Is 175681 prime?
False
Is 57301 a composite number?
False
Is 84209 prime?
False
Is 3905957 a composite number?
True
Is 893 a composite number?
True
Is 1027 composite?
True
Is 1642 a prime number?
False
Is 98749 a prime number?
False
Is 48647 a composite number?
False
Is 9223 prime?
False
Is 2027 composite?
False
Is 319 composite?
True
Is 492389 prime?
True
Is 296347 composite?
False
Is 12443 prime?
False
Is 43219 prime?
False
Is 7493 a composite number?
True
Is 205019 composite?
False
Is 264211 prime?
True
Is 6469 composite?
False
Is 80161 prime?
False
Is 5951 a prime number?
False
Is 304751 a composite number?
False
Is 2231 composite?
True
Is 267781 a composite number?
False
Is 5227 prime?
True
Is 655653 a prime number?
False
Is 12301 a prime number?
True
Is 48998 prime?
False
Is 308119 a prime number?
False
Is 114883 composite?
False
Is 24305 a prime number?
False
Is 1361 a composite number?
False
Is 18373 a prime number?
False
Is 1790621 a prime number?
False
Is 8353 composite?
False
Is 259499 a prime number?
True
Is 1214453 prime?
True
Is 303731 prime?
True
Is 289717 composite?
False
Is 64709 a prime number?
True
Is 21133 a composite number?
True
Is 13681 prime?
True
Is 94429 composite?
True
Is 5167 a prime number?
True
Is 90587 a prime number?
False
Is 46321 a composite number?
True
Is 31469 prime?
True
Is 174007 a prime number?
True
Is 495401 prime?
True
Is 25997 composite?
False
Is 17653 a composite number?
True
Is 7591 composite?
False
Is 6217 a composite number?
False
Is 8497 composite?
True
Is 59263 composite?
False
Is 16603 prime?
True
Is 172915 prime?
False
Is 3337 a composite number?
True
Is 1085846 prime?
False
Is 138617 composite?
False
Is 2798 a composite number?
True
Is 2369 a composite number?
True
Is 81509 a composite number?
False
Is 172369 prime?
False
Is 110347 prime?
False
Is 10301 a prime number?
True
Is 2113193 a prime number?
False
Is 3622 prime?
False
Is 23431 a prime number?
True
Is 8651 a composite number?
True
Is 364867 composite?
True
Is 16493 a prime number?
True
Is 66647 a prime number?
False
Is 343337 prime?
True
Is 158786 a prime number?
False
Is 4659613 a prime number?
False
Is 12197 prime?
True
Is 21763 a composite number?
True
Is 57593 prime?
True
Is 278961 a composite number?
True
Is 33343 prime?
True
Is 3643 a composite number?
False
Is 11549 prime?
True
Is 24763 a prime number?
True
Is 6101 prime?
True
Is 179419 composite?
True
Is 15653 prime?
False
Is 193133 a composite number?
False
Is 691 composite?
False
Is 347009 a composite number?
True
Is 715861 composite?
True
Is 150287 composite?
False
Is 147151 a composite number?
False
Is 3719 prime?
True
Is 130003 a prime number?
True
Is 5269 prime?
False
Is 9047 prime?
False
Is 5663 prime?
False
Is 369389 prime?
False
Is 1803653 prime?
False
Is 673 a composite number?
False
Is 14633 a composite number?
False
Is 915631 a prime number?
True
Is 633 a composite number?
True
Is 369047 composite?
True
Is 9917 composite?
True
Is 49559 composite?
False
Is 4133 a prime number?
True
Is 428305 composite?
True
Is 415 composite?
True
Is 1399997 composite?
True
Is 49919 prime?
True
Is 1009 a prime number?
True
Is 1337 a composite number?
True
Is 3389 a composite number?
False
Is 1218901 composite?
False
Is 2707 prime?
True
Is 35251 prime?
True
Is 151331 prime?
False
Is 340687 composite?
False
Is 12367 prime?
False
Is 163031 a prime number?
False
Is 24439 composite?
False
Is 26801 composite?
False
Is 2333 composite?
False
Is 70717 composite?
False
Is 1003241 composite?
False
Is 13841 a prime number?
True
Is 6853663 prime?
True
Is 318541 a prime number?
False
Is 15971 a prime number?
True
Is 771 prime?
False
Is 246527 prime?
True
Is 33049 a prime number?
True
Is 79073 prime?
False
Is 233547 prime?
False
Is 105437 a composite number?
False
Is 96137 a composite number?
False
Is 100591 prime?
True
Is 3305 a prime number?
False
Is 969191 a composite number?
True
Is 4721 a prime number?
True
Is 34053 a prime number?
False
Is 1264451 a composite number?
False
Is 162557 prime?
True
Is 29257 composite?
True
Is 144953 prime?
False
Is 25115 composite?
True
Is 36238 a composite number?
True
Is 5755 prime?
False
Is 15217 a composite number?
False
Is 5029 prime?
False
Is 25073 composite?
False
Is 673 prime?
True
Is 127 composite?
False
Is 581941 a prime number?
True
Is 717089 composite?
False
Is 47951 a composite number?
False
Is 13154 a prime number?
False
Is 77195 a prime number?
False
Is 248497 composite?
True
Is 7387 composite?
True
Is 3465481 prime?
True
Is 18841 a prime number?
False
Is 61067 composite?
True
Is 8021 a composite number?
True
Is 186391 composite?
False
Is 35413 a prime number?
False
Is 97813 composite?
False
Is 991149 composite?
True
Is 67289 prime?
True
Is 449 prime?
True
Is 58657 prime?
True
Is 233407 a prime number?
True
Is 10081 composite?
True
Is 583285 a composite number?
True
Is 1857761 a prime number?
True
Is 199987 a composite number?
True
Is 148499 composite?
True
Is 228923 a composite number?
False
Is 612251 composite?
True
Is 5381 a composite number?
False
Is 88463 a composite number?
False
Is 